4*b**2 - 13*b - 5. Let q(p) = 9*p**2 - 26*p - 11. Let n(y) = 5*i(y) - 2*q(y). Calculate the remainder when 6 is divided by n(7).
2
Let i = 159 + -155. Suppose -m = -i*x + 599, -3*m = -0*m - 15. Calculate the remainder when x is divided by 39.
34
Let n = 13 + 32. Let q(b) = b**3 + 4*b**2 - 2*b - 6. Let g be q(-4). What is the remainder when n is divided by (0 - -19) + 12/(6/g)?
22
Let a be 4/(-7) + (-3104)/56. Calculate the remainder when ((-72)/(-14))/((-6)/a) is divided by 17.
14
Suppose -271 - 359 = -10*b. Calculate the remainder when 139 is divided by b.
13
Suppose 5*i = -4*t - 12, 3*i + 4*t + 12 = 2*i. Let f be 8/(-2) + i/(-7). Let k(d) = -d**3 - 4*d**2 - d + 5. Calculate the remainder when 25 is divided by k(f).
7
Let n(v) = 2*v**2 - 2*v - 19. Let g be n(5). Let h(u) = u**2 - 22*u + 29. What is the remainder when 15 is divided by h(g)?
7
Let q = -401 + 457. Calculate the remainder when 222 is divided by q.
54
Suppose 0 = 4*s + 4*h - 48, 1 = -3*s + 4*h + 9. Calculate the remainder when 26 is divided by s.
2
Suppose -2*v + 0*i = -3*i - 27, 4*i - 10 = -5*v. Suppose -s + 42 = v*s. What is the remainder when 26 is divided by s?
2
Suppose v + k = 506, 0 = -v + 3*k - 0*k + 490. What is the remainder when v is divided by 46?
42
Let o be 36/(-12) + -1 + 6. Let r(v) = 5*v + 8 - 4 + v**3 - 57*v**2 + 63*v**o. Calculate the remainder when 17 is divided by r(-5).
1
Calculate the remainder when 50 is divided by -1*(0 + -3 - -7) + 8.
2
Suppose 4*x - 6*x - 894 = -3*r, 5*x - 1169 = -4*r. What is the remainder when r is divided by 50?
46
What is the remainder when 178 is divided by (-1)/(10/(-196)) + (-4)/(-10)?
18
Let q be 20/(-2)*64/(-10). Let v = -43 + q. Let w(d) = d**2 + 2*d. What is the remainder when v is divided by w(-4)?
5
Let h = -1040 + 1068. Suppose -2*s - 3*a + 7*a = -298, s - 129 = -2*a. Calculate the remainder when s is divided by h.
27
Let g(x) = 40*x**3 - 2*x**2 + 5*x - 2. Let l be g(1). Suppose 3*b = -2*o + 23 + l, -4*o + 126 = 5*b. Calculate the remainder when 201 is divided by o.
27
Let s = -159 - -188. What is the remainder when s is divided by 4?
1
Suppose 4*v - 12 = 0, 5*n + 4*v + 6 = 13. Suppose 0 = -4*f + f - 6, 5*z - 5*f - 75 = 0. What is the remainder when z is divided by n/(-4)*(-4 - -2)*-14?
6
Let d(j) = j**2 - 12*j - 24. Let x be (-4 + (-18)/(-4))/(1/28). What is the remainder when 21 is divided by d(x)?
1
Suppose 3*r + 4*a + 19 = 0, -r + 3*a = -0*r - 11. Calculate the remainder when (r*31)/((-1)/2) is divided by 21.
20
Let a(l) = l**3 + l**2 + 1. Calculate the remainder when 114 is divided by a(2).
10
Let k = -89 + 16. Suppose 5*f = 2 + 718. Let c = f + k. What is the remainder when c is divided by 18?
17
Let h = 986 - 664. Calculate the remainder when h is divided by 103.
13
Suppose 0 = 885*b - 893*b + 24. Calculate the remainder when 185 is divided by b.
2
Suppose 2*c + 2 = 0, c - 578 = -5*v + 4*c. Calculate the remainder when v is divided by 11.
5
Suppose 14 = 3*g + 4*z, -5*g = -10*z + 7*z - 33. Calculate the remainder when 128 is divided by g.
2
Let p(w) = -w**2 + w + 2. Let g be p(-1). Suppose -u + 2*u = -2*k + 20, g = -k + 5*u + 32. Calculate the remainder when 42 is divided by k.
6
Let r(g) be the second derivative of g**3/2 - 7*g**2/2 - g. What is the remainder when r(8) is divided by 6/(14/(224/24))?
1
Let h(y) = -21*y - 1. What is the remainder when 2730/49 + 2/7 is divided by h(-1)?
16
Suppose x - c = 12 + 63, -147 = -2*x + 5*c. Suppose 2*o - 37 = o + 5*d, 4*o - x = -4*d. Calculate the remainder when 64 is divided by o.
20
Let n be (6 - 2) + -3 + -70. Let x = n - -102. Suppose -3*g - 5*i + x = -2*i, -6 = -2*i. Calculate the remainder when 22 is divided by g.
6
Suppose -70*w + 3750 = -60*w. Calculate the remainder when w is divided by 18.
15
Suppose 9 + 7 = 4*c. Suppose -10 = -3*s - 5*t - 3, 4*s + c*t = 20. Calculate the remainder when 20 is divided by (-707)/(-63) - 2/s.
9
Suppose 0*t + 3*t = 2*z - 69, 5*t = -25. Let i = -35 + z. Let f(d) = -3*d - 16. Calculate the remainder when 14 is divided by f(i).
6
Let m(o) = -o**3 + 3*o**2 - 4*o + 5. What is the remainder when 1 + (2 - (-2 + 3)) is divided by m(2)?
0
Let o = -53 + 161. Suppose k = 0, -2*k - 87 = -5*h + o. Let f(u) = u**3 + 5*u**2 + 4*u + 5. What is the remainder when h is divided by f(-3)?
6
Suppose -68 = -2*d - 0*d. Calculate the remainder when d is divided by (4/((-8)/(-18)))/(60/40).
4
Let x = 1346 + -1313. Calculate the remainder when 560 is divided by x.
32
Suppose u = -5*z + 22, 4*z + 47 = 2*u + u. Suppose -3*r = r + 36. Let t = u - r. What is the remainder when t is divided by 7?
5
Suppose -4*a = 43 + 33. Let s = a + 38. Let y(x) = -4*x**3 + x**2 - x - 2. Calculate the remainder when y(-2) is divided by s.
17
Let y = 6522 - 3896. Calculate the remainder when y is divided by 12.
10
Let h = 90 - 58. Calculate the remainder when h is divided by 18.
14
Let j(i) = 3*i**2 - 3*i - i**2 + 0*i**2 - 4*i**2 - 4 - i**3. Suppose 3*m - 7 = 2*x, 0*x - 2*x - 3*m = -23. What is the remainder when j(-3) is divided by x?
2
Let b = -20 - -18. Calculate the remainder when ((-1)/(-1) - 3) + 4 is divided by (-1 - b)*(-7)/(-7).
0
Suppose -62*t = -59*t - 198. What is the remainder when t is divided by 18?
12
Suppose 0 = -3*l + 13 + 50. Calculate the remainder when l is divided by 11.
10
Suppose -22*h - 10 = -23*h. Calculate the remainder when 18 is divided by h.
8
Let f be (2 - (-16)/(-5))/(8/(-20)). Suppose -3*m - f*m = -444. What is the remainder when m is divided by 20?
14
Let u(r) = 10*r**2 + r. Let a(p) be the third derivative of p**6/60 - p**5/60 - p**3 + 4*p**2. Calculate the remainder when a(3) is divided by u(1).
6
Let y = 3201 - 2286. What is the remainder when y is divided by 7?
5
Let r be (1 + 0 + -7 + -1)*-7. Suppose 25 = -5*u, 104 = 2*v + u - r. What is the remainder when v is divided by 20?
19
Let z(f) = 3*f + 33. Let w(t) = 4*t + 49. Let m(a) = 5*w(a) - 7*z(a). Suppose 5 = 3*u - 4. Calculate the remainder when u is divided by m(13).
0
Let q = -61 - -69. Let f(i) = -i**3 + 5*i**2 - 2*i + 4. What is the remainder when f(4) is divided by q?
4
Suppose -4*v - 1 + 9 = 0. Let l(d) = d**3 - 5*d**2 - d + 7. Let a be l(5). Suppose a + 4 = v*f. Calculate the remainder when f is divided by 3.
0
Suppose 0 = -h + 5*h - 5*p - 48, 4*h - p - 48 = 0. What is the remainder when 31 is divided by h?
7
Let y = -24 - 6. Calculate the remainder when ((-18)/5)/(y/100) is divided by 4.
0
Let s be 1*-1 - (-5)/(-1). Let y = s + 16. Suppose 0*n - n = -2*r - 28, -3*n + 74 = -4*r. Calculate the remainder when n is divided by y.
8
Let q = 1612 - 1585. What is the remainder when 941 is divided by q?
23
Let n be 30/(-9)*(-6)/4. Suppose 115 = n*g + r, -r + 32 = -3*g + 101. Calculate the remainder when 112 is divided by g.
20
Calculate the remainder when -7*(-5)/35 + 13 is divided by 5.
4
Let y = 2771 + -2723. What is the remainder when y is divided by 2*(-1 + 29/2)?
21
Let c(g) = -g**3 - 8*g**2 + 5*g - 4. Suppose 29 = -5*a - 41. Let z = 25 + a. What is the remainder when c(-9) is divided by z?
10
Suppose t + 4*t + 14 = d, 0 = t + 2*d - 6. Let j = 15 - t. What is the remainder when j is divided by 3?
2
Calculate the remainder when 47 is divided by 104/156*(-21)/(-2).
5
Suppose 5*p - 5*h = -10, -5*p + 2*p - h = 18. Let s(q) = q**3 - 6*q**2 + q + 1. Let f be s(6). Let o = f - p. What is the remainder when 21 is divided by o?
9
Let a(p) be the third derivative of -p**6/120 - p**5/30 - 5*p**3/6 + 4*p**2. What is the remainder when a(-5) is divided by 12?
10
Let z(l) = -l**3 + 5*l**2 - l + 7. Let a be z(3). Let o = a - -36. Suppose 3*r - 60 = -0*r. What is the remainder when o is divided by r?
18
Let b = 7 - 2. Suppose 15 = -5*u + 25. What is the remainder when ((-3)/(-4))/(b/20) is divided by u?
1
Let f(g) = -g**2 + 7*g. Let w be f(5). Suppose 5*c + 4 - 1 = 4*t, -5*t + w = -5*c. What is the remainder when 25 is divided by t?
4
Let o = 156 - 148. Calculate the remainder when 125 is divided by o.
5
Let h be (-4 - (0 + -1)) + -36. Calculate the remainder when 2 - (-13)/(h/(-36)) is divided by 5.
4
Let o(g) = -g**3 - 8*g**2 + g + 13. Let z be o(-8). Suppose -w + z = -6. What is the remainder when 16 is divided by w?
5
Let a = -41 - -45. Suppose 2*n - 33 = -3*q, a*n - 5*n + 15 = 2*q. What is the rema